{"id":27,"date":"2025-03-05T23:20:46","date_gmt":"2025-03-05T22:20:46","guid":{"rendered":"http:\/\/charlyv.cluster100.hosting.ovh.net\/Digiboost\/?page_id=27"},"modified":"2025-04-25T21:51:07","modified_gmt":"2025-04-25T19:51:07","slug":"accueil","status":"publish","type":"page","link":"https:\/\/charlyguihard.fr\/","title":{"rendered":"Accueil"},"content":{"rendered":"<div class=\"wp-block-group alignfull has-global-padding is-layout-constrained wp-block-group-is-layout-constrained\"><div class=\"wp-block-cover alignfull is-light has-border-color has-accent-3-color has-text-color has-link-color wp-elements-76d8b3a37602802c411cf44052d3230e wp-duotone-unset-2\" style=\"border-color:#FFFFFF;border-width:30px;border-radius:53px;margin-top:0;margin-bottom:0;padding-top:189px;padding-right:var(--wp--preset--spacing--30);padding-bottom:189px;padding-left:var(--wp--preset--spacing--30);min-height:40%;aspect-ratio:unset;\"><video class=\"wp-block-cover__video-background intrinsic-ignore\" autoplay muted loop playsinline src=\"https:\/\/charlyguihard.fr\/wp-content\/uploads\/2025\/03\/4860892-uhd_4096_2160_25fps.mp4\" data-object-fit=\"cover\"><\/video><span aria-hidden=\"true\" class=\"wp-block-cover__background has-background-dim-20 has-background-dim\" style=\"background-color:#FFF\"><\/span><div class=\"wp-block-cover__inner-container has-global-padding is-layout-constrained wp-container-core-cover-is-layout-f223ef56 wp-block-cover-is-layout-constrained\"><div class=\"wp-block-group is-style-default has-small-font-size is-vertical is-content-justification-center is-layout-flex wp-container-core-group-is-layout-ce155fab wp-block-group-is-layout-flex\"><h2 class=\"wp-block-heading has-text-align-center is-style-text-annotation has-border-color has-base-border-color is-style-text-annotation--1\"><mark style=\"background-color:rgba(0, 0, 0, 0)\" class=\"has-inline-color has-base-color\">Digi&rsquo;boost<\/mark><\/h2><\/div>\n\n<h3 class=\"wp-block-heading has-text-align-center has-base-color has-text-color has-link-color has-xx-large-font-size wp-elements-653d0da91fad95df67844bf1a7164be3\"><mark style=\"background-color:rgba(0, 0, 0, 0)\" class=\"has-inline-color has-base-color\"><strong>Booster votre visibilit\u00e9<\/strong><\/mark><\/h3>\n\n<p><\/p>\n\n<div class=\"wp-block-buttons is-content-justification-center is-layout-flex wp-container-core-buttons-is-layout-a89b3969 wp-block-buttons-is-layout-flex\"><div class=\"wp-block-button is-style-fill\"><a class=\"wp-block-button__link has-base-color has-accent-3-background-color has-text-color has-background has-link-color has-border-color has-accent-3-border-color wp-element-button\">D\u00e9couvrez nos offres<\/a><\/div><\/div><\/div><\/div><\/div><div class=\"wp-block-group alignfull has-global-padding is-layout-constrained wp-container-core-group-is-layout-4651deb1 wp-block-group-is-layout-constrained\" style=\"margin-top:0;margin-bottom:0;padding-top:var(--wp--preset--spacing--70);padding-bottom:var(--wp--preset--spacing--70)\"><div class=\"wp-block-columns alignwide is-layout-flex wp-container-core-columns-is-layout-08a2a807 wp-block-columns-is-layout-flex\"><div class=\"wp-block-column is-vertically-aligned-center is-layout-flow wp-block-column-is-layout-flow\"><h2 class=\"wp-block-heading has-xx-large-font-size\">Soyez visibles, partout, sur tous supports<\/h2>\n\n<ul style=\"margin-top:var(--wp--preset--spacing--40);margin-bottom:var(--wp--preset--spacing--40);padding-left:var(--wp--preset--spacing--30)\" class=\"wp-block-list is-style-checkmark-list\"><li class=\"has-medium-font-size\">Site responsive compatible sur tablette, smartphone<\/li>\n\n<li class=\"has-medium-font-size\">S\u00e9curis\u00e9 et dimensionn\u00e9 pour vos besoins<\/li>\n\n<li class=\"has-medium-font-size\">Des packs de maintenance adaptatifs<\/li>\n\n<li class=\"has-medium-font-size\">Selon votre situation :  site vitrine, e-commerce, billetterie, journal local, &#8230;<\/li><\/ul>\n\n<div class=\"wp-block-buttons is-content-justification-left is-nowrap is-layout-flex wp-container-core-buttons-is-layout-92e17da2 wp-block-buttons-is-layout-flex\"><div class=\"wp-block-button is-style-fill\"><a class=\"wp-block-button__link has-accent-3-background-color has-background wp-element-button\">Nos tarifs<\/a><\/div>\n\n<div class=\"wp-block-button is-style-outline is-style-outline--3\"><a class=\"wp-block-button__link has-border-color has-accent-3-border-color wp-element-button\"><mark style=\"background-color:rgba(0, 0, 0, 0)\" class=\"has-inline-color has-accent-3-color\">Voir les packs de maintenance<\/mark><\/a><\/div><\/div>\n\n<p class=\"has-small-font-size\"><\/p><\/div>\n\n<div class=\"wp-block-column is-vertically-aligned-center is-layout-flow wp-block-column-is-layout-flow\"><figure class=\"wp-block-image size-full\"><img loading=\"lazy\" decoding=\"async\" width=\"1058\" height=\"624\" src=\"https:\/\/charlyguihard.fr\/wp-content\/uploads\/2025\/03\/services-subscriber-photo.webp\" alt=\"\" class=\"wp-image-80\" srcset=\"https:\/\/charlyguihard.fr\/wp-content\/uploads\/2025\/03\/services-subscriber-photo.webp 1058w, https:\/\/charlyguihard.fr\/wp-content\/uploads\/2025\/03\/services-subscriber-photo-300x177.webp 300w, https:\/\/charlyguihard.fr\/wp-content\/uploads\/2025\/03\/services-subscriber-photo-1024x604.webp 1024w, https:\/\/charlyguihard.fr\/wp-content\/uploads\/2025\/03\/services-subscriber-photo-768x453.webp 768w, https:\/\/charlyguihard.fr\/wp-content\/uploads\/2025\/03\/services-subscriber-photo-600x354.webp 600w\" sizes=\"auto, (max-width: 1058px) 100vw, 1058px\" \/><\/figure><\/div><\/div><\/div><div class=\"wp-block-group alignfull has-global-padding is-layout-constrained wp-block-group-is-layout-constrained\" style=\"margin-top:0;margin-bottom:0;padding-top:var(--wp--preset--spacing--60);padding-bottom:var(--wp--preset--spacing--60)\"><div class=\"wp-block-group alignwide is-content-justification-space-between is-layout-flex wp-container-core-group-is-layout-9366075c wp-block-group-is-layout-flex\"><h2 class=\"wp-block-heading has-x-large-font-size\">Des packs de maintenance adapt\u00e9s \u00e0 votre profil<\/h2>\n\n<p class=\"is-style-text-annotation has-accent-3-color has-text-color has-link-color wp-elements-e9ddfd294d025adf10b86b9ef8bd197f is-style-text-annotation--4\">Tarifs<\/p><\/div>\n\n<div class=\"wp-block-columns alignwide is-layout-flex wp-container-core-columns-is-layout-e87f2171 wp-block-columns-is-layout-flex\" style=\"margin-top:var(--wp--preset--spacing--70);margin-bottom:0\"><div class=\"wp-block-column has-border-color has-accent-6-border-color has-global-padding is-content-justification-center is-layout-constrained wp-container-core-column-is-layout-860428b2 wp-block-column-is-layout-constrained\" style=\"border-width:1px;border-radius:10px;padding-top:var(--wp--preset--spacing--40);padding-right:var(--wp--preset--spacing--40);padding-bottom:var(--wp--preset--spacing--40);padding-left:var(--wp--preset--spacing--40)\"><div class=\"wp-block-columns is-not-stacked-on-mobile is-layout-flex wp-container-core-columns-is-layout-81213e5a wp-block-columns-is-layout-flex\" style=\"margin-top:0;margin-bottom:0\"><div class=\"wp-block-column is-layout-flow wp-block-column-is-layout-flow\" style=\"flex-basis:70%\"><h3 class=\"wp-block-heading has-large-font-size\" style=\"margin-bottom:var(--wp--preset--spacing--20)\">Basique<\/h3>\n\n<p class=\"has-small-font-size\">Mises \u00e0 jour, sauvegardes et s\u00e9curit\u00e9.<\/p><\/div>\n\n<div class=\"wp-block-column is-layout-flow wp-block-column-is-layout-flow\" style=\"margin-top:0;margin-right:0;margin-bottom:0;margin-left:0\"><h3 class=\"wp-block-heading has-text-align-right\">50&nbsp;\u20ac<\/h3>\n\n<p class=\"has-text-align-right is-style-default has-small-font-size\">Mois<\/p><\/div><\/div>\n\n<div class=\"wp-block-buttons is-content-justification-center is-layout-flex wp-container-core-buttons-is-layout-d2a3880e wp-block-buttons-is-layout-flex\" style=\"margin-top:var(--wp--preset--spacing--30)\"><div class=\"wp-block-button has-custom-width wp-block-button__width-100\"><a class=\"wp-block-button__link has-accent-3-background-color has-background wp-element-button\" style=\"letter-spacing:0.08px;line-height:1.2\">En savoir plus<\/a><\/div><\/div><\/div>\n\n<div class=\"wp-block-column has-border-color has-accent-6-border-color has-global-padding is-content-justification-center is-layout-constrained wp-container-core-column-is-layout-860428b2 wp-block-column-is-layout-constrained\" style=\"border-width:1px;border-radius:10px;padding-top:var(--wp--preset--spacing--40);padding-right:var(--wp--preset--spacing--40);padding-bottom:var(--wp--preset--spacing--40);padding-left:var(--wp--preset--spacing--40)\"><div class=\"wp-block-columns is-not-stacked-on-mobile is-layout-flex wp-container-core-columns-is-layout-81213e5a wp-block-columns-is-layout-flex\" style=\"margin-top:0;margin-bottom:0\"><div class=\"wp-block-column is-layout-flow wp-block-column-is-layout-flow\" style=\"flex-basis:70%\"><h3 class=\"wp-block-heading has-large-font-size\" style=\"margin-bottom:var(--wp--preset--spacing--20)\">Interm\u00e9diaire<\/h3>\n\n<p class=\"has-small-font-size\">Basique + Ajout\/modification de contenu l\u00e9ger<\/p><\/div>\n\n<div class=\"wp-block-column is-layout-flow wp-block-column-is-layout-flow\" style=\"margin-top:0;margin-right:0;margin-bottom:0;margin-left:0\"><h3 class=\"wp-block-heading has-text-align-right\">130&nbsp;\u20ac<\/h3>\n\n<p class=\"has-text-align-right has-small-font-size\" style=\"margin-top:0\">Mois<\/p><\/div><\/div>\n\n<div class=\"wp-block-buttons is-content-justification-center is-layout-flex wp-container-core-buttons-is-layout-d2a3880e wp-block-buttons-is-layout-flex\" style=\"margin-top:var(--wp--preset--spacing--30)\"><div class=\"wp-block-button has-custom-width wp-block-button__width-100\"><a class=\"wp-block-button__link has-accent-3-background-color has-background wp-element-button\" style=\"letter-spacing:0.08px;line-height:1.2\">En savoir plus<\/a><\/div><\/div><\/div>\n\n<div class=\"wp-block-column has-border-color has-accent-6-border-color has-global-padding is-content-justification-center is-layout-constrained wp-container-core-column-is-layout-860428b2 wp-block-column-is-layout-constrained\" style=\"border-width:1px;border-radius:10px;padding-top:var(--wp--preset--spacing--40);padding-right:var(--wp--preset--spacing--40);padding-bottom:var(--wp--preset--spacing--40);padding-left:var(--wp--preset--spacing--40)\"><div class=\"wp-block-columns is-not-stacked-on-mobile is-layout-flex wp-container-core-columns-is-layout-81213e5a wp-block-columns-is-layout-flex\" style=\"margin-top:0;margin-bottom:0\"><div class=\"wp-block-column is-layout-flow wp-block-column-is-layout-flow\" style=\"flex-basis:70%\"><h3 class=\"wp-block-heading has-large-font-size\" style=\"margin-bottom:var(--wp--preset--spacing--20)\">Premium<\/h3>\n\n<p class=\"has-small-font-size\">Interm\u00e9diaire + Optimisation SEO et suivi marketing<\/p><\/div>\n\n<div class=\"wp-block-column is-layout-flow wp-block-column-is-layout-flow\" style=\"margin-top:0;margin-right:0;margin-bottom:0;margin-left:0\"><h3 class=\"wp-block-heading has-text-align-right\">240&nbsp;\u20ac<\/h3>\n\n<p class=\"has-text-align-right has-small-font-size\" style=\"margin-top:0\">Mois<\/p><\/div><\/div>\n\n<div class=\"wp-block-buttons is-content-justification-center is-layout-flex wp-container-core-buttons-is-layout-d2a3880e wp-block-buttons-is-layout-flex\" style=\"margin-top:var(--wp--preset--spacing--30)\"><div class=\"wp-block-button has-custom-width wp-block-button__width-100\"><a class=\"wp-block-button__link has-accent-3-background-color has-background wp-element-button\" style=\"letter-spacing:0.08px;line-height:1.2\">En savoir plus<\/a><\/div><\/div><\/div><\/div><\/div><p><\/p>","protected":false},"excerpt":{"rendered":"<p>Soyez visibles, partout, sur tous supports Des packs de maintenance adapt\u00e9s \u00e0 votre profil Tarifs Basique Mises \u00e0 jour, sauvegardes et s\u00e9curit\u00e9. 50&nbsp;\u20ac Mois Interm\u00e9diaire Basique + Ajout\/modification de contenu l\u00e9ger 130&nbsp;\u20ac Mois Premium Interm\u00e9diaire + Optimisation SEO et suivi marketing 240&nbsp;\u20ac Mois<\/p>\n","protected":false},"author":1,"featured_media":0,"parent":0,"menu_order":0,"comment_status":"closed","ping_status":"closed","template":"page-no-title","meta":{"footnotes":""},"class_list":["post-27","page","type-page","status-publish","hentry"],"_links":{"self":[{"href":"https:\/\/charlyguihard.fr\/index.php\/wp-json\/wp\/v2\/pages\/27","targetHints":{"allow":["GET"]}}],"collection":[{"href":"https:\/\/charlyguihard.fr\/index.php\/wp-json\/wp\/v2\/pages"}],"about":[{"href":"https:\/\/charlyguihard.fr\/index.php\/wp-json\/wp\/v2\/types\/page"}],"author":[{"embeddable":true,"href":"https:\/\/charlyguihard.fr\/index.php\/wp-json\/wp\/v2\/users\/1"}],"replies":[{"embeddable":true,"href":"https:\/\/charlyguihard.fr\/index.php\/wp-json\/wp\/v2\/comments?post=27"}],"version-history":[{"count":42,"href":"https:\/\/charlyguihard.fr\/index.php\/wp-json\/wp\/v2\/pages\/27\/revisions"}],"predecessor-version":[{"id":119,"href":"https:\/\/charlyguihard.fr\/index.php\/wp-json\/wp\/v2\/pages\/27\/revisions\/119"}],"wp:attachment":[{"href":"https:\/\/charlyguihard.fr\/index.php\/wp-json\/wp\/v2\/media?parent=27"}],"curies":[{"name":"wp","href":"https:\/\/api.w.org\/{rel}","templated":true}]}}